tor of 880 and 1567940.
220
Calculate the highest common divisor of 134530 and 242.
22
Calculate the greatest common divisor of 13087 and 23.
23
What is the highest common divisor of 60650 and 19150?
50
What is the greatest common factor of 2362806 and 18?
18
Calculate the greatest common factor of 104142 and 3060.
102
What is the greatest common factor of 105 and 15099?
21
What is the greatest common factor of 9 and 57240?
9
Calculate the highest common factor of 17 and 11176888.
17
What is the highest common factor of 95802 and 1050?
42
Calculate the highest common factor of 890 and 4272.
178
Calculate the highest common factor of 34750 and 500.
250
Calculate the highest common divisor of 80 and 44816.
16
What is the highest common factor of 64572 and 44?
4
What is the highest common divisor of 2 and 5652?
2
What is the highest common factor of 33376 and 14900?
596
Calculate the greatest common divisor of 1066 and 56810.
26
What is the highest common factor of 513 and 11647?
19
What is the highest common divisor of 13967 and 27?
1
Calculate the highest common divisor of 2223 and 20691.
171
Calculate the greatest common divisor of 5592 and 111141.
699
What is the highest common factor of 128298 and 96?
6
What is the highest common factor of 78 and 797979?
39
Calculate the highest common factor of 20 and 27950.
10
What is the highest common divisor of 16 and 516564?
4
What is the highest common divisor of 55420 and 680?
340
What is the greatest common divisor of 72640 and 720?
80
Calculate the highest common divisor of 122 and 7042511.
61
What is the highest common factor of 18791 and 133?
19
What is the greatest common divisor of 37009 and 280833?
2177
What is the highest common divisor of 4489 and 25393?
67
Calculate the greatest common factor of 465 and 4476245.
155
What is the highest common divisor of 705 and 303?
3
Calculate the greatest common divisor of 18 and 6614.
2
Calculate the greatest common factor of 13248 and 171.
9
What is the highest common divisor of 100284 and 8418?
366
Calculate the greatest common divisor of 3337992 and 111.
111
What is the highest common factor of 144 and 15648?
48
What is the greatest common divisor of 7565 and 2550?
85
What is the greatest common divisor of 1225 and 8036?
49
Calculate the highest common divisor of 54 and 831114.
54
Calculate the highest common factor of 22671 and 99.
99
What is the greatest common divisor of 624 and 5239?
13
Calculate the greatest common divisor of 17 and 132243.
17
Calculate the greatest common factor of 631495 and 53.
53
What is the greatest common factor of 43512 and 2590?
518
Calculate the greatest common factor of 832 and 12.
4
What is the greatest common divisor of 296 and 86664?
8
What is the greatest common divisor of 245 and 20531?
49
What is the greatest common divisor of 6372714 and 114?
114
What is the greatest common divisor of 708 and 541620?
708
Calculate the greatest common factor of 26 and 1079.
13
Calculate the greatest common factor of 18736 and 224.
16
Calculate the highest common divisor of 515350 and 1650.
550
What is the highest common factor of 53743 and 2899?
223
What is the greatest common divisor of 183340 and 267?
89
Calculate the highest common factor of 335 and 5360.
335
Calculate the highest common factor of 95364 and 216.
108
Calculate the greatest common divisor of 4800 and 2280.
120
Calculate the highest common factor of 4625 and 17875.
125
What is the greatest common divisor of 4750 and 35?
5
Calculate the greatest common factor of 63 and 47691.
63
What is the greatest common factor of 1384 and 458796?
692
Calculate the highest common divisor of 34338 and 388.
194
What is the highest common factor of 9936 and 714288?
1104
Calculate the greatest common divisor of 192 and 4273728.
192
What is the greatest common factor of 34080 and 96?
96
What is the greatest common factor of 10 and 141730?
10
Calculate the greatest common factor of 96373 and 119.
17
What is the highest common divisor of 9 and 2821977?
9
Calculate the highest common divisor of 4385 and 1246217.
877
What is the highest common divisor of 19075 and 19838?
763
What is the greatest common divisor of 5605 and 1830593?
1121
Calculate the highest common divisor of 54 and 118866.
6
Calculate the greatest common factor of 558 and 4465116.
558
What is the highest common factor of 30044 and 56?
28
What is the greatest common factor of 77 and 4535839?
77
Calculate the greatest common factor of 258 and 7122.
6
What is the greatest common factor of 14136 and 105772?
124
What is the greatest common factor of 485 and 404102?
97
Calculate the highest common factor of 441 and 22323.
21
What is the greatest common divisor of 81875 and 500?
125
What is the highest common factor of 30199 and 1394406?
1313
Calculate the greatest common divisor of 4 and 30068.
4
Calculate the greatest common divisor of 149925 and 75.
75
What is the highest common factor of 6305 and 217765?
485
Calculate the greatest common divisor of 1820 and 469.
7
Calculate the greatest common factor of 24 and 2913.
3
Calculate the highest common divisor of 53 and 2442452.
53
Calculate the greatest common factor of 8806 and 230860.
238
Calculate the greatest common factor of 298 and 4058.
2
What is the highest common factor of 1914 and 178200?
66
Calculate the highest common factor of 1736 and 485212.
868
What is the greatest common divisor of 15312 and 7986?
66
Calculate the greatest common divisor of 77985 and 105.
15
Calculate the highest common factor of 58026 and 152.
38
What is the highest common divisor of 443745 and 4275?
855
Calculate the greatest common divisor of 199830 and 2580.
30
What is the greatest common factor of 768 and 379992?
24
What is the greatest common factor of 15622 and 1679?
73
Calculate the greatest common factor of 119 and 43876.
7
Calculate the highest common divisor of 9 and 84345.
3
Calculate the highest common factor of 8 and 28460.
4
Calculate the greatest common factor of 55943 and 4042.
43
Calculate the highest common divisor of 9360 and 143676.
468
What is the highest common divisor of 41635 and 55?
55
What is the greatest common divisor of 1848 and 97482?
462
What is the highest common factor of 12169 and 43?
43
Calculate the greatest common factor of 72807 and 357.
21
Calculate the greatest common factor of 9893 and 364.
13
What is the greatest common divisor of 42440 and 100?
20
Calculate the highest common factor of 5343 and 205647.
39
Calculate the greatest common divisor of 757 and 1.
1
Calculate the highest common factor of 1016 and 1990852.
508
What is the highest common factor of 5397 and 259?
7
Calculate the highest common factor of 196 and 109956.
196
Calculate the highest common divisor of 1036 and 7056.
28
What is the highest common factor of 288 and 99556?
4
What is the greatest common factor of 1498034 and 86?
86
Calculate the highest common factor of 2685720 and 16.
8
What is the highest common divisor of 89796 and 168?
84
Calculate the highest common divisor of 19095 and 7236.
201
What is the greatest common factor of 174 and 184353?
87
Calculate the greatest common factor of 56 and 5832.
8
Calculate the greatest common divisor of 1905 and 4515.
15
What is the highest common divisor of 120170 and 230?
10
Calculate the highest common divisor of 57 and 34561.
19
What is the highest common divisor of 272602 and 22?
22
Calculate the highest common factor of 1724 and 76.
4
Calculate the greatest common divisor of 14703 and 87.
87
Calculate the highest common divisor of 94 and 55131.
47
Calculate the highest common factor of 455 and 11193.
91
Calculate the highest common divisor of 524 and 13362.
262
What is the greatest common divisor of 30 and 634815?
15
Calculate the greatest common factor of 39 and 608868.
39
What is the greatest common divisor of 5811 and 1872?
39
Calculate the highest common factor of 1565692 and 74.
74
Calculate the greatest common factor of 3456 and 1620.
108
Calculate the highest common divisor of 33 and 207339.
33
Calculate the highest common factor of 15 and 5393280.
15
What is the highest common factor of 8 and 877636?
4
Calculate the greatest common factor of 62139 and 1056.
33
What is the highest common factor of 218752 and 3712?
128
What is